
True
Is 271669 prime?
False
Is 41580001 prime?
False
Is 17785 a prime number?
False
Is 5296931 composite?
True
Is 6720811 composite?
False
Is 21665219 prime?
True
Is 3570737 a prime number?
True
Is 3093317 composite?
False
Is 718973 a composite number?
False
Is 3446778155 prime?
False
Is 782707 a composite number?
False
Is 2676761 prime?
True
Is 67237999 prime?
True
Is 127097 a prime number?
False
Is 12123053 composite?
False
Is 3299523 prime?
False
Is 66545669 a composite number?
True
Is 996203 prime?
False
Is 162032623 composite?
False
Is 617959765 a composite number?
True
Is 175501 a prime number?
False
Is 169877 a prime number?
False
Is 197847367 prime?
False
Is 19616429 a prime number?
False
Is 20867591 a prime number?
True
Is 5148193 a composite number?
True
Is 12328117 a composite number?
False
Is 7283071 a prime number?
True
Is 53456713 composite?
True
Is 6332477 a prime number?
True
Is 101735077 prime?
False
Is 198351169 composite?
False
Is 110373199 a composite number?
False
Is 999233 a composite number?
False
Is 35886661 prime?
True
Is 145349 composite?
False
Is 65933611 a composite number?
False
Is 423973 a composite number?
True
Is 1808661 a prime number?
False
Is 62787649 a composite number?
True
Is 20147603 composite?
True
Is 3207913 composite?
False
Is 42428423 a prime number?
False
Is 8661071 a composite number?
True
Is 7178183 prime?
False
Is 40417021 a prime number?
False
Is 30449829 composite?
True
Is 2229349 a composite number?
False
Is 42139817 a composite number?
False
Is 68371 a prime number?
True
Is 908387 a composite number?
True
Is 9840269 prime?
True
Is 1876769 a prime number?
False
Is 861569 composite?
True
Is 1082791 composite?
True
Is 5133811 prime?
False
Is 1842349 composite?
False
Is 71428601 a composite number?
True
Is 38750941 a composite number?
False
Is 4342829 a prime number?
True
Is 157226023 prime?
False
Is 435713435 composite?
True
Is 120343013 prime?
False
Is 575153 a composite number?
False
Is 124038329 prime?
True
Is 4109083 a composite number?
True
Is 634643 a composite number?
False
Is 75016243 a composite number?
True
Is 2261981 a prime number?
False
Is 729029 a composite number?
True
Is 934691 composite?
True
Is 139720726 composite?
True
Is 7101293 a composite number?
True
Is 6901957 a prime number?
True
Is 327869 prime?
True
Is 118675738 a composite number?
True
Is 17140393 composite?
True
Is 827104813 prime?
False
Is 35989851 a prime number?
False
Is 78327199 a composite number?
False
Is 23498282 a composite number?
True
Is 14707421 composite?
False
Is 1099613 composite?
True
Is 3631211 prime?
True
Is 8087449 prime?
True
Is 17167339 a composite number?
True
Is 147078835 prime?
False
Is 1845867 composite?
True
Is 11105047 a composite number?
False
Is 34744573 a composite number?
False
Is 219880831 prime?
True
Is 1386599 composite?
True
Is 43751049 prime?
False
Is 5211013 prime?
False
Is 120446041 a composite number?
True
Is 138049 prime?
False
Is 138275053 composite?
True
Is 20500807 a composite number?
False
Is 109791637 prime?
False
Is 1130797 a prime number?
False
Is 140816281 a composite number?
True
Is 10290659 prime?
False
Is 25286903 prime?
True
Is 326509 composite?
True
Is 191663 composite?
True
Is 1221085 prime?
False
Is 194657 composite?
True
Is 11303059 composite?
True
Is 5069 composite?
True
Is 108959999 a prime number?
False
Is 1388321 a prime number?
False
Is 27101091 prime?
False
Is 54811313 a prime number?
False
Is 4530329 a composite number?
True
Is 61824481 composite?
False
Is 127030123 a prime number?
False
Is 146221679 a composite number?
True
Is 5557297 prime?
True
Is 198713849 composite?
True
Is 7224923 composite?
False
Is 5653247 a prime number?
True
Is 2376403 a prime number?
False
Is 9890273 prime?
False
Is 4559389 prime?
True
Is 916709935 a composite number?
True
Is 3419453 composite?
False
Is 3688289 a composite number?
True
Is 10439447 a composite number?
True
Is 243769 composite?
False
Is 3867649 composite?
False
Is 1559738 prime?
False
Is 12407983 a prime number?
False
Is 3678997 a prime number?
False
Is 3440779 a prime number?
False
Is 26059595 prime?
False
Is 1046014 a prime number?
False
Is 12082079 a prime number?
False
Is 1196219 a prime number?
True
Is 1969567 prime?
True
Is 9515515 a composite number?
True
Is 811859 a prime number?
False
Is 94109789 prime?
True
Is 623611591 a prime number?
True
Is 5105141 a composite number?
False
Is 69918907 composite?
False
Is 12460271 prime?
True
Is 16571897 a composite number?
True
Is 15398709 a prime number?
False
Is 302729429 composite?
True
Is 19651906 a prime number?
False
Is 327857 prime?
False
Is 48746357 composite?
True
Is 1228433 composite?
True
Is 68154631 a prime number?
True
Is 55112099 a prime number?
False
Is 4903819 a prime number?
True
Is 1849417 composite?
True
Is 72938473 composite?
True
Is 47123611 composite?
True
Is 35275429 a composite number?
True
Is 311585474 prime?
False
Is 6201803 composite?
True
Is 3697123 a composite number?
True
Is 221451478 a prime number?
False
Is 38134277 a prime number?
True
Is 97398062 prime?
False
Is 214150487 a prime number?
False
Is 658446301 composite?
True
Is 48034193 composite?
False
Is 188394839 a composite number?
False
Is 464167 a composite number?
True
Is 3205931 composite?
True
Is 546448933 a prime number?
True
Is 177015689 a prime number?
False
Is 77335399 a composite number?
False
Is 3596353 a prime number?
True
Is 22412297 composite?
False
Is 79055609 a prime number?
False
Is 803879 a composite number?
True
Is 14903061 prime?
False
Is 1973537 prime?
False
Is 11770413 a prime number?
False
Is 197975993 a composite number?
True
Is 21810379 a composite number?
True
Is 1560145 a prime number?
False
Is 249692413 prime?
False
Is 3269501 composite?
True
Is 118624153 a prime number?
True
Is 4285 a composite number?
True
Is 7674299 prime?
False
Is 79287707 prime?
False
Is 3050071 a composite number?
False
Is 6464951 composite?
False
Is 1679803 composite?
True
Is 110072707 composite?
True
Is 35691767 composite?
False
Is 881591 a composite number?
False
Is 4211681 a prime number?
True
Is 3630883 prime?
True
Is 16651937 a composite number?
False
Is 2739967 prime?
False
Is 25634354 composite?
True
Is 1169477 a prime number?
True
Is 37261351 prime?
True
Is 1438979 a prime number?
True
Is 73942681 prime?
True
Is 42030253 a composite number?
False
Is 7490141 prime?
True
Is 596143 a prime number?
True
Is 47041879 composite?
False
Is 2163307 prime?
True
Is 1099281397 a composite number?
True
Is 18706739 a composite number?
False
Is 17597773 prime?
True
Is 1077605 composite?
True
Is 3458671 a prime number?
False
Is 8488691 composite?
False
Is 1075717 prime?
False
Is 10750939 prime?
True
Is 25468139 a prime number?
True
Is 19358543 a prime number?
True
Is 28944199 prime?
True
Is 16308347 a composite number?
True
Is 10859027 a prime number?
True
Is 147805219 composite?
True
Is 263665 composite?
True
Is 4929902 composite?
True
Is 3929609 a composite number?
False
Is 8015443 a composite number?
False
Is 2963299 a composite number?
False
Is 6078143 composite?
False
Is 14157043 a prime number?
False
Is 233633419 a prime number?
True
Is 151781 prime?
False
Is 38053607 a prime number?
False
Is 7494719 a prime number?
True
Is 3704497 a composite number?
True
Is 2364589 prime?
True
Is 105795419 a composite number?
True
Is 245783261 a prime number?
True
Is 24937123 a prime number?
True
Is 7938839 a composite number?
False
Is 111189413 a prime number?
True
Is 11454103 a composite number?
False
Is 25295029 a prime number?
True
Is 1997873 a composite number?
True
Is 31442617 a prime number?
True
Is 76413517 a composite number?
False
Is 14541521 a prime number?
True
Is 183487 composite?
False
Is 3365989 a prime number?
False
Is 393697 a prime number?
True
Is 74111711 composite?
False
Is 10256341 a composite number?
False
Is 9204047 a prime number?
False
Is 7370633 prime?
True
Is 774427 prime?
True
Is 8901995 a composite number?
True
Is 13092467 a prime number?
False
Is 194623069 composite?
False
Is 15195209 a prime number?
True
Is 116716129 a composite number?
True
Is 10887977 a prime number?
False
Is 723799981 a prime number?
True
Is 83912827 prime?
True
Is 6316691 prime?
False
Is 11990